{"id":289,"date":"2015-08-06T16:17:42","date_gmt":"2015-08-06T16:17:42","guid":{"rendered":"http:\/\/www.lolamartinterapeutagestalt.com\/?page_id=289"},"modified":"2015-08-08T10:20:25","modified_gmt":"2015-08-08T10:20:25","slug":"flores-de-bach","status":"publish","type":"page","link":"https:\/\/www.lolamartinterapeutagestalt.com\/index.php\/flores-de-bach\/","title":{"rendered":"Flores de Bach"},"content":{"rendered":"<hr class=\"gw-spacing clearboth \" style=\"height: 60px\" \/>\n<div class=\"row\">\n<div class=\"col-md-4\">\n<div class=\"imagebox-wrapper\"><img src=\"https:\/\/www.lolamartinterapeutagestalt.com\/wp-content\/uploads\/2015\/08\/img_flores_bach.jpg\" alt=\"imagen de Terapia Individual\" \/><div class=\"imagebox-content\">\n<hr class=\"gw-spacing clearboth \" style=\"height: 30px\" \/>\n<div class=\"cita_foto\">&#8220;Cuando hay un problema no hay algo que hacer, hay algo que conocer&#8221;<\/div>\n<\/div><\/div>\n<\/div>\n<div class=\"col-md-8\">\n<hr class=\"gw-spacing clearboth \" style=\"height: 20px\" \/>\n<h3 class=\"justificar\">LAS FLORES DE BACH, SON UNAS ESENCIAS S\u00cdMIL-HOMEOP\u00c1TICAS, POR TANTO NO M\u00c9DICAS, PREPARADAS ARTESANALMENTE A PARTIR DE UNA DECOCCI\u00d3N O MACERACI\u00d3N EN AGUA DE DIVERSAS FLORES YA MADURAS RECOGIDAS EN GALES Y LA CERCANA INGLATERRA, DILU\u00cdAS EN BRANDY PARA SU CONSERVACI\u00d3N.<\/h3>\n<div class=\"linebar\" style=\"background-color:#83BF41;\"><\/div>\n<p class=\"justificar\">Al ser preparadas de esta forma, no tomamos la planta en si como ser\u00eda en la fitoterapia, nos quedamos con la esencia de la flor, la informaci\u00f3n mas profunda de esta. Esta es la raz\u00f3n por la cual poseen la capacidad de llegar a lo mas profundo de nosotros, trabajando de una forma energ\u00e9tica hacia lo emocional, f\u00edsico, ps\u00edquico y espiritual.<\/p>\n<p class=\"justificar\">Las <strong>Flores de Bach<\/strong> trabajan aspectos b\u00e1sicos del ser humano. Por citar algunas como ejemplo: el miedo lo tratar\u00edamos con esencias como la Rock Rose o la Mimulus entre otras, La desesperanza con la Gorse, la depresi\u00f3n con la Mustard, el orgullo con la Holly, la rigidez moral con la Rock Water.<\/p>\n<p class=\"justificar\">Por medio de la <strong>Quinesiolog\u00eda<\/strong> (una forma de testar a partir de una respuesta muscular del cuerpo), averiguo que tratamiento necesita mi paciente. De esta forma, sabiendo que es el cuerpo quien tiene toda la informaci\u00f3n acumulada, (no la cabeza, que ya sabemos que es selectiva en lo que guarda), extraemos la informaci\u00f3n de las esencias necesarias para conseguir estar mas tranquilos con lo que nos est\u00e1 pasando en este momento de nuestra vida. Lo que hacen las esencias es mostrarnos lo que hay para despu\u00e9s sanar. Por eso decimos que esta terapia remueve, porque a veces nos hacen darnos cuenta de algo que ten\u00edamos negado o poco aceptado.<\/p>\n<p class=\"justificar\">Con la Quinesiolog\u00eda podr\u00e9 testar aparte de las Flores de Bach, que chakra est\u00e1 afectado, que meridiano, bas\u00e1ndome en la medicina tradicional china, e incluso conocer la fecha en que se produjo este sock, este asunto no resuelto, que en estos momentos te est\u00e1 afectando de igual forma.<\/p>\n<p class=\"justificar\">A veces es chocante reconocer cosas que no nos imagin\u00e1bamos y que permanec\u00edan ocultas a nuestros ojos. Hay cosas que tenemos asumidas y otras no dependiendo de la persona y su propio trabajo personal o conexi\u00f3n que tenga consigo mismo.<\/p>\n<p class=\"justificar\">He trabajado con flores de Bach durante muchos a\u00f1os, y las utilizo como un excelente complemento a la psicoterapia m\u00e1s que como una terapia en si misma.<\/p>\n<\/div>\n<\/div>\n<hr class=\"gw-spacing clearboth \" style=\"height: 60px\" \/>\n<div class=\"gw-divider\"><\/div>\n<div class=\"row\">\n<div class=\"anywidth\"  style=\"width:90%; \">\n<hr class=\"gw-spacing clearboth \" style=\"height: 60px\" \/>\n<h2>OTROS TIPOS DE TERAPIA QUE TE PROPONGO:<\/h2>\n<hr class=\"gw-spacing clearboth \" style=\"height: 30px\" \/>\n<div class=\"service-section\"><div class=\"service-rectangle\"><img src=\"https:\/\/www.lolamartinterapeutagestalt.com\/wp-content\/uploads\/2015\/08\/ico_t1.png\" alt=\"terapia Individual\" \/><\/div><div class=\"ss-content\">\n<h5>Terapia Individual<\/h5>\n<p>En la terapia individual se genera un espacio de <strong>confidencialidad y confianza<\/strong>, mediante el cual podr\u00e1s abrirte a la experiencia emocional y tomar contacto con lo que acontece en tu momento actual.<\/p>\n<a href=\"https:\/\/www.lolamartinterapeutagestalt.com\/index.php\/terapia-individual\/\" class=\"gw-btn gwb-white\" title=\"Leer M\u00e1s\">Leer M\u00e1s<\/a>\n<\/div><\/div>\n<div class=\"service-section\"><div class=\"service-rectangle\"><img src=\"https:\/\/www.lolamartinterapeutagestalt.com\/wp-content\/uploads\/2015\/08\/ico_t2.png\" alt=\"terapia de pareja\" \/><\/div><div class=\"ss-content\">\n<h5>Terapia De Pareja<\/h5>\n<p>El entendimiento entre los dos miembros de la pareja es posible <strong>si estos est\u00e1n bien equilibrados<\/strong>, ya que antes de la pareja se encuentra el ser individual.<\/p>\n<a href=\"https:\/\/www.lolamartinterapeutagestalt.com\/index.php\/terapia-de-pareja\/\" class=\"gw-btn gwb-white\" title=\"Leer M\u00e1s\">Leer M\u00e1s<\/a>\n<\/div><\/div>\n<div class=\"service-section\"><div class=\"service-rectangle\"><img src=\"https:\/\/www.lolamartinterapeutagestalt.com\/wp-content\/uploads\/2015\/08\/ico_t3.png\" alt=\"constelaciones familiares\" \/><\/div><div class=\"ss-content\">\n<h5>Constelaciones Familiares<\/h5>\n<p>Se trata del <strong>m\u00e9todo Fenomenol\u00f3gico y Sist\u00e9mico creado por Bert Hellinger<\/strong> (psicoterapeuta alem\u00e1n). Gracias a su contribuci\u00f3n tenemos un panorama terap\u00e9utico enriquecido a partir de la comprensi\u00f3n de los \u00f3rdenes del amor y los movimientos del ama.<\/p>\n<a href=\"https:\/\/www.lolamartinterapeutagestalt.com\/index.php\/constelaciones-familiares\/\" class=\"gw-btn gwb-white\" title=\"Leer M\u00e1s\">Leer M\u00e1s<\/a>\n<\/div><\/div>\n<div class=\"clearboth\"><\/div>\n<\/div>\n<\/div>\n<hr class=\"gw-spacing clearboth \" style=\"height: 40px\" \/>\n<\/div><\/div><div class=\"contentbar div_contacto_home\" style=\"\"><section class=\"contentbar-section\" style=\"background-color:#F0F0F0;color:#343434;\"><div class=\"container-fluid\">\n<hr class=\"gw-spacing clearboth \" style=\"height: 30px\" \/>\n<span class=\"contacto_home\">Estar\u00e9 encantada de resolverte cualquier duda, <span style=\"color: #a2195b;\">\u00a1escr\u00edbeme!.<\/span><\/span> <a href=\"https:\/\/www.lolamartinterapeutagestalt.com\/index.php\/contacto\" class=\"gw-btn gwb-white\" title=\"CONTACTAR\">CONTACTAR<\/a>\n<hr class=\"gw-spacing clearboth \" style=\"height: 20px\" \/>\n<\/div><\/section><\/div><div class=\"container-fluid\"><div class=\"content\">\n","protected":false},"excerpt":{"rendered":"","protected":false},"author":1,"featured_media":0,"parent":0,"menu_order":0,"comment_status":"closed","ping_status":"closed","template":"template-fullwidth.php","meta":[],"yoast_head":"<!-- This site is optimized with the Yoast SEO plugin v15.2 - https:\/\/yoast.com\/wordpress\/plugins\/seo\/ -->\n<title>Flores de Bach | Lola Mart\u00edn Terapeuta Gestalt en Madrid y Toledo.<\/title>\n<meta name=\"robots\" content=\"index, follow, max-snippet:-1, max-image-preview:large, max-video-preview:-1\" \/>\n<link rel=\"canonical\" href=\"https:\/\/www.lolamartinterapeutagestalt.com\/index.php\/flores-de-bach\/\" \/>\n<meta property=\"og:locale\" content=\"es_ES\" \/>\n<meta property=\"og:type\" content=\"article\" \/>\n<meta property=\"og:title\" content=\"Flores de Bach | Lola Mart\u00edn Terapeuta Gestalt en Madrid y Toledo.\" \/>\n<meta property=\"og:url\" content=\"https:\/\/www.lolamartinterapeutagestalt.com\/index.php\/flores-de-bach\/\" \/>\n<meta property=\"og:site_name\" content=\"Lola Mart\u00edn Terapeuta Gestalt en Madrid y Toledo.\" \/>\n<meta property=\"article:modified_time\" content=\"2015-08-08T10:20:25+00:00\" \/>\n<meta name=\"twitter:card\" content=\"summary\" \/>\n<meta name=\"twitter:label1\" value=\"Escrito por\">\n\t<meta name=\"twitter:data1\" value=\"lolamart\">\n\t<meta name=\"twitter:label2\" value=\"Tiempo de lectura\">\n\t<meta name=\"twitter:data2\" value=\"3 minutos\">\n<script type=\"application\/ld+json\" class=\"yoast-schema-graph\">{\"@context\":\"https:\/\/schema.org\",\"@graph\":[{\"@type\":[\"Person\",\"Organization\"],\"@id\":\"https:\/\/www.lolamartinterapeutagestalt.com\/#\/schema\/person\/3a4b7de574f5d924cfa872e2a73dbd58\",\"name\":\"lolamart\",\"image\":{\"@type\":\"ImageObject\",\"@id\":\"https:\/\/www.lolamartinterapeutagestalt.com\/#personlogo\",\"inLanguage\":\"es\",\"url\":\"https:\/\/www.lolamartinterapeutagestalt.com\/wp-content\/uploads\/2015\/08\/logotipo.gif\",\"width\":343,\"height\":86,\"caption\":\"lolamart\"},\"logo\":{\"@id\":\"https:\/\/www.lolamartinterapeutagestalt.com\/#personlogo\"}},{\"@type\":\"WebSite\",\"@id\":\"https:\/\/www.lolamartinterapeutagestalt.com\/#website\",\"url\":\"https:\/\/www.lolamartinterapeutagestalt.com\/\",\"name\":\"Lola Mart\\u00edn Terapeuta Gestalt en Madrid y Toledo.\",\"description\":\"Terapeuta Gestalt con consulta en Madrid y Toledo, especializada en: Terapia Invididual, Terapia de Pareja, Constelaciones Familiares y Flores de Bach.\",\"publisher\":{\"@id\":\"https:\/\/www.lolamartinterapeutagestalt.com\/#\/schema\/person\/3a4b7de574f5d924cfa872e2a73dbd58\"},\"potentialAction\":[{\"@type\":\"SearchAction\",\"target\":\"https:\/\/www.lolamartinterapeutagestalt.com\/?s={search_term_string}\",\"query-input\":\"required name=search_term_string\"}],\"inLanguage\":\"es\"},{\"@type\":\"WebPage\",\"@id\":\"https:\/\/www.lolamartinterapeutagestalt.com\/index.php\/flores-de-bach\/#webpage\",\"url\":\"https:\/\/www.lolamartinterapeutagestalt.com\/index.php\/flores-de-bach\/\",\"name\":\"Flores de Bach | Lola Mart\\u00edn Terapeuta Gestalt en Madrid y Toledo.\",\"isPartOf\":{\"@id\":\"https:\/\/www.lolamartinterapeutagestalt.com\/#website\"},\"datePublished\":\"2015-08-06T16:17:42+00:00\",\"dateModified\":\"2015-08-08T10:20:25+00:00\",\"inLanguage\":\"es\",\"potentialAction\":[{\"@type\":\"ReadAction\",\"target\":[\"https:\/\/www.lolamartinterapeutagestalt.com\/index.php\/flores-de-bach\/\"]}]}]}<\/script>\n<!-- \/ Yoast SEO plugin. -->","_links":{"self":[{"href":"https:\/\/www.lolamartinterapeutagestalt.com\/index.php\/wp-json\/wp\/v2\/pages\/289"}],"collection":[{"href":"https:\/\/www.lolamartinterapeutagestalt.com\/index.php\/wp-json\/wp\/v2\/pages"}],"about":[{"href":"https:\/\/www.lolamartinterapeutagestalt.com\/index.php\/wp-json\/wp\/v2\/types\/page"}],"author":[{"embeddable":true,"href":"https:\/\/www.lolamartinterapeutagestalt.com\/index.php\/wp-json\/wp\/v2\/users\/1"}],"replies":[{"embeddable":true,"href":"https:\/\/www.lolamartinterapeutagestalt.com\/index.php\/wp-json\/wp\/v2\/comments?post=289"}],"version-history":[{"count":10,"href":"https:\/\/www.lolamartinterapeutagestalt.com\/index.php\/wp-json\/wp\/v2\/pages\/289\/revisions"}],"predecessor-version":[{"id":440,"href":"https:\/\/www.lolamartinterapeutagestalt.com\/index.php\/wp-json\/wp\/v2\/pages\/289\/revisions\/440"}],"wp:attachment":[{"href":"https:\/\/www.lolamartinterapeutagestalt.com\/index.php\/wp-json\/wp\/v2\/media?parent=289"}],"curies":[{"name":"wp","href":"https:\/\/api.w.org\/{rel}","templated":true}]}}